{"id":241,"date":"2016-04-26T11:37:43","date_gmt":"2016-04-26T09:37:43","guid":{"rendered":"http:\/\/www.imuthes.de\/?page_id=241"},"modified":"2016-04-26T12:23:21","modified_gmt":"2016-04-26T10:23:21","slug":"hausmeisterservice","status":"publish","type":"page","link":"https:\/\/www.imuthes.de\/?page_id=241","title":{"rendered":"Hausmeisterservice"},"content":{"rendered":"<p>Im Bereich Hausmeisterservice bieten wir Ihnen Serviceleistungen rund um Ordnung und Sauberkeit an.<br \/>\nWir sorgen unteranderem f\u00fcr die bestimmungsgem\u00e4\u00dfe und pflegsame Verwendung von Ihren Geb\u00e4uden und Anlagen.<\/p>\n<p>Weitere Beispiele worum wir uns f\u00fcr Sie k\u00fcmmern:<\/p>\n<ul>\n<li>fortlaufende \u00dcberwachung des Allgemeinzustandes von Objekten<\/li>\n<li>Betreuung und Kontrolle technischer Anlagen<\/li>\n<li>Kleinstinstandsetzungen und Kleinreparaturen im Innen- und Au\u00dfenbereich<\/li>\n<li>Wartungsarbeiten<\/li>\n<\/ul>\n","protected":false},"excerpt":{"rendered":"<p>Im Bereich Hausmeisterservice bieten wir Ihnen Serviceleistungen rund um Ordnung und Sauberkeit an. Wir sorgen unteranderem f\u00fcr die bestimmungsgem\u00e4\u00dfe und pflegsame Verwendung von Ihren Geb\u00e4uden und Anlagen. Weitere Beispiele worum wir uns f\u00fcr Sie k\u00fcmmern: fortlaufende \u00dcberwachung des Allgemeinzustandes von Objekten Betreuung und Kontrolle technischer Anlagen Kleinstinstandsetzungen und Kleinreparaturen im Innen- und Au\u00dfenbereich Wartungsarbeiten<\/p>\n","protected":false},"author":1,"featured_media":0,"parent":0,"menu_order":0,"comment_status":"closed","ping_status":"closed","template":"","meta":{"footnotes":""},"class_list":["post-241","page","type-page","status-publish","hentry"],"_links":{"self":[{"href":"https:\/\/www.imuthes.de\/index.php?rest_route=\/wp\/v2\/pages\/241","targetHints":{"allow":["GET"]}}],"collection":[{"href":"https:\/\/www.imuthes.de\/index.php?rest_route=\/wp\/v2\/pages"}],"about":[{"href":"https:\/\/www.imuthes.de\/index.php?rest_route=\/wp\/v2\/types\/page"}],"author":[{"embeddable":true,"href":"https:\/\/www.imuthes.de\/index.php?rest_route=\/wp\/v2\/users\/1"}],"replies":[{"embeddable":true,"href":"https:\/\/www.imuthes.de\/index.php?rest_route=%2Fwp%2Fv2%2Fcomments&post=241"}],"version-history":[{"count":5,"href":"https:\/\/www.imuthes.de\/index.php?rest_route=\/wp\/v2\/pages\/241\/revisions"}],"predecessor-version":[{"id":272,"href":"https:\/\/www.imuthes.de\/index.php?rest_route=\/wp\/v2\/pages\/241\/revisions\/272"}],"wp:attachment":[{"href":"https:\/\/www.imuthes.de\/index.php?rest_route=%2Fwp%2Fv2%2Fmedia&parent=241"}],"curies":[{"name":"wp","href":"https:\/\/api.w.org\/{rel}","templated":true}]}}